)/(5/3 + -2). Let a(r) = 3*r**2 - 5*r + 2. What is the units digit of a(j)?
4
Suppose 0 = 2*m - 5 - 47. What is the units digit of m?
6
Let h be (3/(-6))/(3/(-96)). Suppose h - 2 = t. What is the tens digit of t?
1
Let k be (-2 + 3)/((-3)/(-6)). What is the units digit of (k - -2)*(-10)/(-8)?
5
Let p = -5 - -10. Let g be 2*(30/(-4))/p. What is the units digit of 55/6 - g/(-18)?
9
Let f(h) = -h + 5. What is the units digit of f(-5)?
0
Let i(q) = -8*q + 78. What is the units digit of i(-16)?
6
Let q = -5 + 8. Let f be ((-28)/(-12))/(1/q). Suppose -3*c + f = -2*c. What is the units digit of c?
7
Suppose -28*w + 29*w = 199. What is the tens digit of w?
9
Suppose -5*i + 1 = 2*f, -4*f + i + 14 = 1. Suppose -f*j - 29 = 4*t - 93, 2*t = -4. What is the units digit of j?
4
Let v(t) = -t. Let c be v(0). Suppose c = 2*l - 27 + 1. What is the tens digit of l?
1
Let l = 9 - 6. Let a(b) = b**2 + 2*b + 4. What is the units digit of a(l)?
9
Suppose d = -3*d + 100. What is the units digit of d?
5
Let q be ((-4)/6)/((-4)/48). Suppose -q*x = -6*x - 72. What is the units digit of x?
6
Let f(z) = -3*z + 7. Let w be f(5). Let m be w/(-2)*(2 - 3). Let x(u) = -u - 2. What is the units digit of x(m)?
2
Suppose -145 = -i + 3*z, 422 = -0*i + 3*i + 4*z. What is the tens digit of i?
4
Suppose 4*z + 12 = 8*z. Suppose -z*m + 3*t + 45 = 0, -3*t - 36 = -2*m + t. What is the units digit of m?
2
Let y(o) = o**2 - 9*o + 2. Let i be y(9). Let f = -1 + i. What is the units digit of f?
1
Suppose 4*b - 50 = 10. Suppose -b = -2*m + 7. What is the units digit of m?
1
Let p(q) = -5*q**3 - 9*q**2 + 7*q + 7. Let k(c) = -9*c**3 - 17*c**2 + 13*c + 14. Let v(j) = 4*k(j) - 7*p(j). What is the tens digit of v(-6)?
2
Let m = -10 + 14. Suppose 0 = -4*b + m*h - 3*h + 35, 3*b - 5*h = 22. What is the units digit of b?
9
Let z(c) = 4*c + 9. Let t = 37 + -28. What is the units digit of z(t)?
5
Let b(y) = 2*y**2 - 16*y + 10. Let a be b(10). Suppose -8 = 3*k - a. What is the tens digit of k?
1
Let i(p) = p + 13. Suppose 7*l + 2 = 2*l + r, -6 = 4*l - 3*r. What is the units digit of i(l)?
3
Suppose d + 6 = -3. Let l = d + 12. What is the units digit of l?
3
Let z(k) = -k + 1. Let f(v) = 5*v - 5. Let i(c) = f(c) + 3*z(c). What is the units digit of i(6)?
0
Let y be (0 + (2 - 3))*-1. What is the units digit of y + -3 - (-6 - 0)?
4
Suppose 0*i = -2*i. Let d be (4 - i)/(2/2). Suppose -b + 43 = 5*r, -d*b = -r - 0*b - 4. What is the units digit of r?
8
Let x(m) = 7 + 7*m - 3 + m**2 + 4. Let r be (-2)/(-10) - (-93)/(-15). What is the units digit of x(r)?
2
Let s(g) = -2*g - 9. Let p = 0 - 6. Let j be s(p). Suppose -j*r - 1 = -4*r. What is the units digit of r?
1
Suppose -4*m + 0*m + 48 = 0. Let o = m + -5. What is the units digit of o?
7
Suppose -3*n + 4*l - 4 - 3 = 0, 4*l - 31 = -5*n. Suppose 5*w + 6*s = s + 190, 0 = -3*w + n*s + 108. What is the tens digit of w?
3
Let m = -135 + 192. What is the tens digit of m?
5
Let t be (-1 + -4)*16/10. Let w = t + 23. What is the units digit of w?
5
Let c = -4 + 6. Suppose -5*j - 2*t + 8 = 1, -3*j - c*t = -1. Suppose -5*k - 2*r + 42 = 0, k - j*r = r + 26. What is the tens digit of k?
1
Suppose a + 5*w = 352, a + 4*w - 232 - 119 = 0. What is the tens digit of a?
4
Let c(b) = 5*b**2 - 9*b - 4. What is the tens digit of c(3)?
1
Let n(x) = -15*x**3 + 6 - x - 7 + 0*x. What is the units digit of n(-1)?
5
Let o(d) = -d**3 - 8*d**2 - 2*d - 9. Suppose c + c = 6. Let t(u) = -2*u**3 - 15*u**2 - 4*u - 17. Let s(m) = c*t(m) - 5*o(m). What is the units digit of s(-5)?
4
Suppose 2*r + 3*b = 105, -93 = -2*r + 3*b - 2*b. What is the tens digit of (60/r)/((-2)/(-16))?
1
Let p(g) = 6*g + 8. What is the tens digit of p(9)?
6
Let w(t) = -t**3 - t - 1. Let a be w(-2). Suppose -4*h + a + 3 = 0. Suppose 0 = -5*d + 5*j + 40, 3*d - d - h*j - 19 = 0. What is the units digit of d?
5
Suppose -10 = 4*u - 22. What is the units digit of u?
3
Suppose 0 = -5*j + 2*j + 9. Suppose 8 = -j*k + 4*k. What is the units digit of k?
8
Suppose -54 = -3*w - 3. What is the units digit of w?
7
Suppose m = -3*i + 20 - 1, 5*m - 30 = -2*i. What is the units digit of m?
4
Let o be 1/(-3) - 46/6. Let b be (-111)/(-4) + (-2)/o. Suppose -3*r + r = -2*y - b, 5*r = 3*y + 60. What is the units digit of r?
9
Let y(z) = 3*z - 1. Let n be y(-1). Let j = n - -6. What is the units digit of j?
2
Suppose 0 = -4*j - 3*c + 344, 8*c = 2*j + 3*c - 146. What is the units digit of j?
3
Suppose 6*w - w - 15 = 0. Suppose -4*b + w = -1. What is the units digit of b?
1
Suppose -4*x - 1519 = -4*r - 375, 3*r - 858 = -4*x. Suppose p + r = -4*p - 4*o, 0 = -5*o - 20. What is the units digit of (-12)/p + 122/18?
7
Let s = -6 - -5. Let p be -2 - -5 - 2*s. Suppose 0 = c - 4*h - 0*h - 26, -p*c = h - 25. What is the units digit of c?
6
Let z(c) = -c - 5. Let u be z(-6). Let f = u + 2. Suppose -f*h - 1 = -19. What is the units digit of h?
6
Let c = -261 + 373. What is the hundreds digit of c?
1
Suppose 0 = -4*w - 0*w + 116. What is the tens digit of w?
2
Let x(t) = 35*t**3 + 2*t**2 + 2*t + 1. Let v be x(-1). Let l = 49 + v. What is the tens digit of l?
1
Let m(y) = -30*y - 4. What is the units digit of m(-2)?
6
Let x(b) = b**2 - 2. Let r be x(-2). Suppose r*t + 2*t - 120 = 0. What is the units digit of t?
0
Suppose -7*p - 9 = -8*p. Let z be -4*p/(-12) + -37. What is the units digit of z/(-2) - (1 + -1)?
7
Let z = -9 - -3. Let r be ((-2)/z)/(5/30). Suppose 3*a = -v + 17, -r*a = -0 - 4. What is the units digit of v?
1
Let y = -22 + 10. Let r = y + 25. What is the units digit of r?
3
Suppose 5*y - 5*x - 15 - 50 = 0, -4*y = 5*x - 43. Let s = y + 6. What is the units digit of s?
8
Let b = 7 + 57. What is the units digit of b?
4
Let y(f) = -f + 2. Let v(j) = j - 1. Let q be v(1). Let o be y(q). Suppose 2 = -o*s + 16. What is the units digit of s?
7
Suppose 5 = -5*f + m, 3*f - 3 = -m + 2. Suppose 3*a - 8 = u + 15, f = a - 5*u - 31. Suppose n = 8 + a. What is the tens digit of n?
1
Suppose -7*k + 55 = -2*k. Let d = k - 7. Suppose 17 = g - 5*s, 8*g - 22 = 3*g + d*s. What is the units digit of g?
2
What is the units digit of ((-102)/(-18))/((-1)/(-3))?
7
Let d = 3 - 7. Let q(i) = -i + 14. Let n be q(10). What is the units digit of 5 + 0 + d/n?
4
Let h = -27 + 45. Suppose -50 = 4*m - h. What is the units digit of (28/m)/(1/(-2))?
7
Suppose 5*v = -b + 73, -3*v + 121 = b + 44. What is the tens digit of b?
8
Suppose -3*o + 80 = o. What is the tens digit of o?
2
Let r(v) = -v**2 - 5*v - 2. Let f be r(-2). Let i(c) = c - 4. Let j be i(6). Suppose -f*p + 18 = -z, 2*p = 4*z - j*p + 12. What is the units digit of z?
2
Let y be (-3)/(2 + (-9)/6). What is the units digit of (1 - 0)*-1 - y?
5
Let q be 88/3 - 4/(-6). Let p be -2 + (2 + 7 - 3). Suppose -p*b = -2*j + j - 12, -5*j = -2*b - q. What is the units digit of j?
8
What is the units digit of 2*(0 - (-28)/8)?
7
Let q be 6 + (-4 - 2)/3. Suppose -2*t + 0*t = 5*y - 389, 319 = q*y - t. Suppose 5*b = -34 + y. What is the units digit of b?
9
Suppose -2*g - 45 = -7*g. Suppose -2*a - 47 = -2*f - 7*a, -g = -3*a. What is the units digit of f?
6
Let z be -1 + 2 + -4 - -1. Suppose 6*g + 13 = -w + 2*g, -g = -5*w + 19. Let p = w - z. What is the units digit of p?
5
Suppose 5*h - 4*f + 25 - 63 = 0, 3*h = 2*f + 24. What is the units digit of h?
0
Let h(l) = -2*l**3 - l. Let n be h(-1). Suppose -n*g = -2*g - 162. What is the units digit of (-4)/(-6)*g/12?
9
What is the tens digit of ((-6)/3)/((-63)/(-66) - 1)?
4
Let y(i) = -i - 11. Let f be y(9). What is the units digit of 2/(-8) - 205/f?
0
Suppose 0 = r + 2*r + 27. Let s = r - -18. What is the units digit of s?
9
Let i = 2 - 2. What is the units digit of 4*(-1 - (-2 - i))?
4
Let t(v) = v**3 + 5*v**2 + 6*v + 1. Let x be t(-4). What is the units digit of -1 + 9/3 - x?
9
Suppose -14*y = -10*y - 32. Let b = 30 + y. What is the units digit of b?
8
Let g = 7 - 10. What is the units digit of -2 + -1 - g - -5?
5
Suppose 5*l = -2*l + 91. What is the units digit of l?
3
Suppose 2*o + 16 = -2*o, p + 2*o = -4. Let h be (-3 + 0)/(p/(-24)). Suppose -f + h = 5*a, 8*a = 4*a. What is the tens digit of f?
1
Let f(k) = k**3 + 5*k**2 - 3*k - 6. Let i = -5 - -1. Let y be i/22 + 106/(-22). What is the units digit of f(y)?
9
Suppose 6 = 2*n - 4*k, 5*n - k + 3*k = 3. What is the tens digit of (-35 - 1)/(-3)